{"id":12,"date":"2024-02-19T13:55:44","date_gmt":"2024-02-19T16:55:44","guid":{"rendered":"https:\/\/agemark.com.br\/projetos\/aporteira\/?page_id=12"},"modified":"2024-03-18T15:26:28","modified_gmt":"2024-03-18T18:26:28","slug":"unidades","status":"publish","type":"page","link":"https:\/\/agemark.com.br\/projetos\/aporteira\/?page_id=12","title":{"rendered":"Unidades"},"content":{"rendered":"\t\t<div data-elementor-type=\"wp-page\" data-elementor-id=\"12\" class=\"elementor elementor-12\" data-elementor-post-type=\"page\">\n\t\t\t\t<div class=\"elementor-element elementor-element-fffa397 e-flex e-con-boxed e-con e-parent\" data-id=\"fffa397\" data-element_type=\"container\" data-settings=\"{&quot;background_background&quot;:&quot;classic&quot;,&quot;content_width&quot;:&quot;boxed&quot;}\" data-core-v316-plus=\"true\">\n\t\t\t\t\t<div class=\"e-con-inner\">\n\t\t\t\t<div class=\"elementor-element elementor-element-e3d0bd6 elementor-invisible elementor-widget elementor-widget-heading\" data-id=\"e3d0bd6\" data-element_type=\"widget\" data-settings=\"{&quot;_animation&quot;:&quot;fadeInDown&quot;}\" data-widget_type=\"heading.default\">\n\t\t\t\t<div class=\"elementor-widget-container\">\n\t\t\t<style>\/*! elementor - v3.19.0 - 07-02-2024 *\/\n.elementor-heading-title{padding:0;margin:0;line-height:1}.elementor-widget-heading .elementor-heading-title[class*=elementor-size-]>a{color:inherit;font-size:inherit;line-height:inherit}.elementor-widget-heading .elementor-heading-title.elementor-size-small{font-size:15px}.elementor-widget-heading .elementor-heading-title.elementor-size-medium{font-size:19px}.elementor-widget-heading .elementor-heading-title.elementor-size-large{font-size:29px}.elementor-widget-heading .elementor-heading-title.elementor-size-xl{font-size:39px}.elementor-widget-heading .elementor-heading-title.elementor-size-xxl{font-size:59px}<\/style><h2 class=\"elementor-heading-title elementor-size-default\">Nossas Unidades<\/h2>\t\t<\/div>\n\t\t\t\t<\/div>\n\t\t\t\t\t<\/div>\n\t\t\t\t<\/div>\n\t\t<div class=\"elementor-element elementor-element-83b63ff e-flex e-con-boxed e-con e-parent\" data-id=\"83b63ff\" data-element_type=\"container\" data-settings=\"{&quot;content_width&quot;:&quot;boxed&quot;}\" data-core-v316-plus=\"true\">\n\t\t\t\t\t<div class=\"e-con-inner\">\n\t\t<div class=\"elementor-element elementor-element-f96a060 e-flex e-con-boxed e-con e-child\" data-id=\"f96a060\" data-element_type=\"container\" data-settings=\"{&quot;content_width&quot;:&quot;boxed&quot;}\">\n\t\t\t\t\t<div class=\"e-con-inner\">\n\t\t<div class=\"elementor-element elementor-element-944b293 e-flex e-con-boxed e-con e-child\" data-id=\"944b293\" data-element_type=\"container\" data-settings=\"{&quot;content_width&quot;:&quot;boxed&quot;}\">\n\t\t\t\t\t<div class=\"e-con-inner\">\n\t\t\t\t<div class=\"elementor-element elementor-element-7c6132c elementor-widget elementor-widget-text-editor\" data-id=\"7c6132c\" data-element_type=\"widget\" data-widget_type=\"text-editor.default\">\n\t\t\t\t<div class=\"elementor-widget-container\">\n\t\t\t<style>\/*! elementor - v3.19.0 - 07-02-2024 *\/\n.elementor-widget-text-editor.elementor-drop-cap-view-stacked .elementor-drop-cap{background-color:#69727d;color:#fff}.elementor-widget-text-editor.elementor-drop-cap-view-framed .elementor-drop-cap{color:#69727d;border:3px solid;background-color:transparent}.elementor-widget-text-editor:not(.elementor-drop-cap-view-default) .elementor-drop-cap{margin-top:8px}.elementor-widget-text-editor:not(.elementor-drop-cap-view-default) .elementor-drop-cap-letter{width:1em;height:1em}.elementor-widget-text-editor .elementor-drop-cap{float:left;text-align:center;line-height:1;font-size:50px}.elementor-widget-text-editor .elementor-drop-cap-letter{display:inline-block}<\/style>\t\t\t\t<p>No cora\u00e7\u00e3o de um dos bairros populares que j\u00e1 foi palco de muitos artistas, temos:<\/p>\t\t\t\t\t\t<\/div>\n\t\t\t\t<\/div>\n\t\t<div class=\"elementor-element elementor-element-942375c e-flex e-con-boxed e-con e-child\" data-id=\"942375c\" data-element_type=\"container\" data-settings=\"{&quot;background_background&quot;:&quot;classic&quot;,&quot;content_width&quot;:&quot;boxed&quot;}\">\n\t\t\t\t\t<div class=\"e-con-inner\">\n\t\t<div class=\"elementor-element elementor-element-faf052f e-con-full e-flex e-con e-child\" data-id=\"faf052f\" data-element_type=\"container\" data-settings=\"{&quot;content_width&quot;:&quot;full&quot;,&quot;background_background&quot;:&quot;classic&quot;}\">\n\t\t\t\t<div class=\"elementor-element elementor-element-9e0bca1 elementor-invisible elementor-widget elementor-widget-heading\" data-id=\"9e0bca1\" data-element_type=\"widget\" data-settings=\"{&quot;_animation&quot;:&quot;fadeInUp&quot;}\" data-widget_type=\"heading.default\">\n\t\t\t\t<div class=\"elementor-widget-container\">\n\t\t\t<h2 class=\"elementor-heading-title elementor-size-default\">BOCA DO RIO<\/h2>\t\t<\/div>\n\t\t\t\t<\/div>\n\t\t\t\t<\/div>\n\t\t\t\t\t<\/div>\n\t\t\t\t<\/div>\n\t\t\t\t<div class=\"elementor-element elementor-element-1a23c6a elementor-widget elementor-widget-text-editor\" data-id=\"1a23c6a\" data-element_type=\"widget\" data-widget_type=\"text-editor.default\">\n\t\t\t\t<div class=\"elementor-widget-container\">\n\t\t\t\t\t\t\t<p>Endere\u00e7o: Av. Dom Eug\u00eanio Sales, 96 &#8211; Boca do Rio, Salvador &#8211; BA, 41706-670<\/p>\t\t\t\t\t\t<\/div>\n\t\t\t\t<\/div>\n\t\t\t\t<div class=\"elementor-element elementor-element-fe05d11 elementor-invisible elementor-widget elementor-widget-text-editor\" data-id=\"fe05d11\" data-element_type=\"widget\" data-settings=\"{&quot;_animation&quot;:&quot;fadeInUp&quot;}\" data-widget_type=\"text-editor.default\">\n\t\t\t\t<div class=\"elementor-widget-container\">\n\t\t\t\t\t\t\t<p><img fetchpriority=\"high\" decoding=\"async\" class=\"alignnone size-full wp-image-384\" src=\"https:\/\/agemark.com.br\/projetos\/aporteira\/wp-content\/uploads\/2024\/03\/ev-01.png\" alt=\"\" width=\"1472\" height=\"661\" srcset=\"https:\/\/agemark.com.br\/projetos\/aporteira\/wp-content\/uploads\/2024\/03\/ev-01.png 1472w, https:\/\/agemark.com.br\/projetos\/aporteira\/wp-content\/uploads\/2024\/03\/ev-01-300x135.png 300w, https:\/\/agemark.com.br\/projetos\/aporteira\/wp-content\/uploads\/2024\/03\/ev-01-1024x460.png 1024w, https:\/\/agemark.com.br\/projetos\/aporteira\/wp-content\/uploads\/2024\/03\/ev-01-768x345.png 768w\" sizes=\"(max-width: 1472px) 100vw, 1472px\" \/><\/p>\t\t\t\t\t\t<\/div>\n\t\t\t\t<\/div>\n\t\t\t\t\t<\/div>\n\t\t\t\t<\/div>\n\t\t<div class=\"elementor-element elementor-element-2bea189 e-flex e-con-boxed e-con e-child\" data-id=\"2bea189\" data-element_type=\"container\" data-settings=\"{&quot;content_width&quot;:&quot;boxed&quot;}\">\n\t\t\t\t\t<div class=\"e-con-inner\">\n\t\t\t\t<div class=\"elementor-element elementor-element-823f3a5 elementor-widget elementor-widget-text-editor\" data-id=\"823f3a5\" data-element_type=\"widget\" data-widget_type=\"text-editor.default\">\n\t\t\t\t<div class=\"elementor-widget-container\">\n\t\t\t\t\t\t\t<p>Estamos presentes, tamb\u00e9m, sobre o \u00fanico manancial da capital baiana, <br \/>tombado pelo Instituto do Patrim\u00f4nio Hist\u00f3rico e Art\u00edstico Nacional.<\/p>\t\t\t\t\t\t<\/div>\n\t\t\t\t<\/div>\n\t\t<div class=\"elementor-element elementor-element-dcf9b8e e-flex e-con-boxed e-con e-child\" data-id=\"dcf9b8e\" data-element_type=\"container\" data-settings=\"{&quot;background_background&quot;:&quot;classic&quot;,&quot;content_width&quot;:&quot;boxed&quot;}\">\n\t\t\t\t\t<div class=\"e-con-inner\">\n\t\t<div class=\"elementor-element elementor-element-b4c011d e-con-full e-flex e-con e-child\" data-id=\"b4c011d\" data-element_type=\"container\" data-settings=\"{&quot;content_width&quot;:&quot;full&quot;,&quot;background_background&quot;:&quot;classic&quot;}\">\n\t\t\t\t<div class=\"elementor-element elementor-element-69086e0 elementor-invisible elementor-widget elementor-widget-heading\" data-id=\"69086e0\" data-element_type=\"widget\" data-settings=\"{&quot;_animation&quot;:&quot;fadeInDown&quot;}\" data-widget_type=\"heading.default\">\n\t\t\t\t<div class=\"elementor-widget-container\">\n\t\t\t<h2 class=\"elementor-heading-title elementor-size-default\">DIQUE DO TOROR\u00d3<\/h2>\t\t<\/div>\n\t\t\t\t<\/div>\n\t\t\t\t<\/div>\n\t\t\t\t\t<\/div>\n\t\t\t\t<\/div>\n\t\t\t\t<div class=\"elementor-element elementor-element-3123d9d elementor-widget elementor-widget-text-editor\" data-id=\"3123d9d\" data-element_type=\"widget\" data-widget_type=\"text-editor.default\">\n\t\t\t\t<div class=\"elementor-widget-container\">\n\t\t\t\t\t\t\t<p>Endere\u00e7o: Av. Dom Eug\u00eanio Sales, 96 &#8211; Boca do Rio, Salvador &#8211; BA, 41706-670<\/p>\t\t\t\t\t\t<\/div>\n\t\t\t\t<\/div>\n\t\t\t\t<div class=\"elementor-element elementor-element-9c9f6b8 elementor-invisible elementor-widget elementor-widget-text-editor\" data-id=\"9c9f6b8\" data-element_type=\"widget\" data-settings=\"{&quot;_animation&quot;:&quot;fadeInUp&quot;}\" data-widget_type=\"text-editor.default\">\n\t\t\t\t<div class=\"elementor-widget-container\">\n\t\t\t\t\t\t\t<p><img decoding=\"async\" class=\"alignnone size-full wp-image-385\" src=\"https:\/\/agemark.com.br\/projetos\/aporteira\/wp-content\/uploads\/2024\/03\/ev-02.png\" alt=\"\" width=\"1309\" height=\"664\" srcset=\"https:\/\/agemark.com.br\/projetos\/aporteira\/wp-content\/uploads\/2024\/03\/ev-02.png 1309w, https:\/\/agemark.com.br\/projetos\/aporteira\/wp-content\/uploads\/2024\/03\/ev-02-300x152.png 300w, https:\/\/agemark.com.br\/projetos\/aporteira\/wp-content\/uploads\/2024\/03\/ev-02-1024x519.png 1024w, https:\/\/agemark.com.br\/projetos\/aporteira\/wp-content\/uploads\/2024\/03\/ev-02-768x390.png 768w\" sizes=\"(max-width: 1309px) 100vw, 1309px\" \/><\/p>\t\t\t\t\t\t<\/div>\n\t\t\t\t<\/div>\n\t\t\t\t\t<\/div>\n\t\t\t\t<\/div>\n\t\t\t\t\t<\/div>\n\t\t\t\t<\/div>\n\t\t<div class=\"elementor-element elementor-element-262043c e-con-full e-flex e-con e-child\" data-id=\"262043c\" data-element_type=\"container\" data-settings=\"{&quot;content_width&quot;:&quot;full&quot;}\">\n\t\t\t\t<div class=\"elementor-element elementor-element-a4b2de2 titLI3 elementor-widget elementor-widget-heading\" data-id=\"a4b2de2\" data-element_type=\"widget\" data-widget_type=\"heading.default\">\n\t\t\t\t<div class=\"elementor-widget-container\">\n\t\t\t<h3 class=\"elementor-heading-title elementor-size-default\"><span>Hor\u00e1rio de funcionamento: <\/span><\/h3>\t\t<\/div>\n\t\t\t\t<\/div>\n\t\t\t\t<div class=\"elementor-element elementor-element-5f3c379 elementor-widget elementor-widget-text-editor\" data-id=\"5f3c379\" data-element_type=\"widget\" data-widget_type=\"text-editor.default\">\n\t\t\t\t<div class=\"elementor-widget-container\">\n\t\t\t\t\t\t\t<p><strong>Seg e ter<\/strong> \u2013 11h30 \u00e0s 16h <br \/><strong>Qua e s\u00e1b<\/strong> \u2013 11h30 \u00e0s 22h <br \/><strong>Dom<\/strong> \u2013 11h30 \u00e0s 18h<\/p>\t\t\t\t\t\t<\/div>\n\t\t\t\t<\/div>\n\t\t\t\t<div class=\"elementor-element elementor-element-7818218 elementor-widget elementor-widget-text-editor\" data-id=\"7818218\" data-element_type=\"widget\" data-widget_type=\"text-editor.default\">\n\t\t\t\t<div class=\"elementor-widget-container\">\n\t\t\t\t\t\t\t<p>Disponibilidade para reservas (Agendamento via telefone)<\/p>\t\t\t\t\t\t<\/div>\n\t\t\t\t<\/div>\n\t\t\t\t<\/div>\n\t\t\t\t\t<\/div>\n\t\t\t\t<\/div>\n\t\t\t\t<\/div>\n\t\t","protected":false},"excerpt":{"rendered":"<p>Nossas Unidades No cora\u00e7\u00e3o de um dos bairros populares que j\u00e1 foi palco de muitos artistas, temos: BOCA DO RIO Endere\u00e7o: Av. Dom Eug\u00eanio Sales, 96 &#8211; Boca do Rio, Salvador &#8211; BA, 41706-670 Estamos presentes, tamb\u00e9m, sobre o \u00fanico &hellip; <a href=\"https:\/\/agemark.com.br\/projetos\/aporteira\/?page_id=12\">Continue lendo <span class=\"meta-nav\">&rarr;<\/span><\/a><\/p>\n","protected":false},"author":1,"featured_media":0,"parent":0,"menu_order":0,"comment_status":"closed","ping_status":"closed","template":"elementor_header_footer","meta":{"footnotes":""},"class_list":["post-12","page","type-page","status-publish","hentry"],"_links":{"self":[{"href":"https:\/\/agemark.com.br\/projetos\/aporteira\/index.php?rest_route=\/wp\/v2\/pages\/12","targetHints":{"allow":["GET"]}}],"collection":[{"href":"https:\/\/agemark.com.br\/projetos\/aporteira\/index.php?rest_route=\/wp\/v2\/pages"}],"about":[{"href":"https:\/\/agemark.com.br\/projetos\/aporteira\/index.php?rest_route=\/wp\/v2\/types\/page"}],"author":[{"embeddable":true,"href":"https:\/\/agemark.com.br\/projetos\/aporteira\/index.php?rest_route=\/wp\/v2\/users\/1"}],"replies":[{"embeddable":true,"href":"https:\/\/agemark.com.br\/projetos\/aporteira\/index.php?rest_route=%2Fwp%2Fv2%2Fcomments&post=12"}],"version-history":[{"count":43,"href":"https:\/\/agemark.com.br\/projetos\/aporteira\/index.php?rest_route=\/wp\/v2\/pages\/12\/revisions"}],"predecessor-version":[{"id":420,"href":"https:\/\/agemark.com.br\/projetos\/aporteira\/index.php?rest_route=\/wp\/v2\/pages\/12\/revisions\/420"}],"wp:attachment":[{"href":"https:\/\/agemark.com.br\/projetos\/aporteira\/index.php?rest_route=%2Fwp%2Fv2%2Fmedia&parent=12"}],"curies":[{"name":"wp","href":"https:\/\/api.w.org\/{rel}","templated":true}]}}